{"id":494,"date":"2018-05-22T09:27:15","date_gmt":"2018-05-22T09:27:15","guid":{"rendered":"https:\/\/www.schedas.com\/?post_type=mbt_book&#038;p=494"},"modified":"2018-05-22T09:27:15","modified_gmt":"2018-05-22T09:27:15","slug":"la-rebeldia-carlista-memoria-de-una-represion-silenciada-enfrentamientos-marginacion-y-persecucion-durante-la-primera-mitad-del-regimen-franquista","status":"publish","type":"mbt_book","link":"https:\/\/www.schedas.com\/?mbt_book=la-rebeldia-carlista-memoria-de-una-represion-silenciada-enfrentamientos-marginacion-y-persecucion-durante-la-primera-mitad-del-regimen-franquista","title":{"rendered":"La rebeld\u00eda carlista. Memoria de una represi\u00f3n silenciada: Enfrentamientos, marginaci\u00f3n y persecuci\u00f3n durante la primera mitad del r\u00e9gimen franquista"},"template":"","mbt_author":[232],"mbt_genre":[34],"mbt_series":[184],"mbt_tag":[59],"_links":{"self":[{"href":"https:\/\/www.schedas.com\/index.php?rest_route=\/wp\/v2\/mbt_book\/494"}],"collection":[{"href":"https:\/\/www.schedas.com\/index.php?rest_route=\/wp\/v2\/mbt_book"}],"about":[{"href":"https:\/\/www.schedas.com\/index.php?rest_route=\/wp\/v2\/types\/mbt_book"}],"wp:attachment":[{"href":"https:\/\/www.schedas.com\/index.php?rest_route=%2Fwp%2Fv2%2Fmedia&parent=494"}],"wp:term":[{"taxonomy":"mbt_author","embeddable":true,"href":"https:\/\/www.schedas.com\/index.php?rest_route=%2Fwp%2Fv2%2Fmbt_author&post=494"},{"taxonomy":"mbt_genre","embeddable":true,"href":"https:\/\/www.schedas.com\/index.php?rest_route=%2Fwp%2Fv2%2Fmbt_genre&post=494"},{"taxonomy":"mbt_series","embeddable":true,"href":"https:\/\/www.schedas.com\/index.php?rest_route=%2Fwp%2Fv2%2Fmbt_series&post=494"},{"taxonomy":"mbt_tag","embeddable":true,"href":"https:\/\/www.schedas.com\/index.php?rest_route=%2Fwp%2Fv2%2Fmbt_tag&post=494"}],"curies":[{"name":"wp","href":"https:\/\/api.w.org\/{rel}","templated":true}]}}

La rebeldía carlista. Memoria de una represión silenciada: Enfrentamientos, marginación y persecución durante la primera mitad del régimen franquista
